{"id":753,"date":"2021-04-26T12:32:58","date_gmt":"2021-04-26T10:32:58","guid":{"rendered":"https:\/\/oriodemiguel.com\/?page_id=753"},"modified":"2021-04-26T17:13:56","modified_gmt":"2021-04-26T15:13:56","slug":"prueba-resenas","status":"publish","type":"page","link":"https:\/\/oriodemiguel.com\/?page_id=753","title":{"rendered":"RESE\u00d1AS"},"content":{"rendered":"\n<div class=\"wp-block-columns is-layout-flex wp-container-core-columns-is-layout-9d6595d7 wp-block-columns-is-layout-flex\">\n<div class=\"wp-block-column is-layout-flow wp-block-column-is-layout-flow\">\n<div class=\"wp-block-media-text alignwide is-stacked-on-mobile is-vertically-aligned-top\" style=\"grid-template-columns:43% auto\"><figure class=\"wp-block-media-text__media\"><img loading=\"lazy\" decoding=\"async\" width=\"321\" height=\"499\" src=\"https:\/\/oriodemiguel.com\/wp-content\/uploads\/2021\/04\/Inventores-de-la-paz-son\u0303adores-de-Europa.jpg\" alt=\"\" class=\"wp-image-757 size-full\" srcset=\"https:\/\/oriodemiguel.com\/wp-content\/uploads\/2021\/04\/Inventores-de-la-paz-son\u0303adores-de-Europa.jpg 321w, https:\/\/oriodemiguel.com\/wp-content\/uploads\/2021\/04\/Inventores-de-la-paz-son\u0303adores-de-Europa-193x300.jpg 193w\" sizes=\"auto, (max-width: 321px) 100vw, 321px\" \/><\/figure><div class=\"wp-block-media-text__content\">\n<h3 class=\"wp-block-heading\">Inventores de la paz, so\u00f1adores de Europa. <em>Siglo de la Ilustraci\u00f3n <\/em><\/h3>\n\n\n\n<h6 class=\"wp-block-heading\">Francisco Javier Espinosa Ant\u00f3n <\/h6>\n\n\n\n<h6 class=\"wp-block-heading\">Ed. Biblioteca Nueva, Madrid, 2012, 245 pp.<\/h6>\n<\/div><\/div>\n<\/div>\n\n\n\n<div class=\"wp-block-column is-vertically-aligned-top is-layout-flow wp-block-column-is-layout-flow\">\n<div class=\"wp-block-media-text alignwide is-stacked-on-mobile is-vertically-aligned-top\" style=\"grid-template-columns:46% auto\"><figure class=\"wp-block-media-text__media\"><img loading=\"lazy\" decoding=\"async\" width=\"200\" height=\"282\" src=\"https:\/\/oriodemiguel.com\/wp-content\/uploads\/2021\/04\/LA-POLE\u0301MICA-SOBRE-LA-KABBALAH-Y-SPINOZA-MOSES-GERMANUS-Y-LEIBNIZ-1.jpeg\" alt=\"\" class=\"wp-image-764 size-full\"\/><\/figure><div class=\"wp-block-media-text__content\">\n<h4 class=\"wp-block-heading\">La pol\u00e9mica sobre la Kabbalah y Spinoza: Moses Germanus y Leibniz.<\/h4>\n\n\n\n<h6 class=\"wp-block-heading\">Lourdes Rensoli<\/h6>\n\n\n\n<h6 class=\"wp-block-heading\">Editorial Comares, Colecci\u00f3n&nbsp;<em>Nova Leibniz<\/em>, n. 2, Granada, 2012<\/h6>\n<\/div><\/div>\n<\/div>\n<\/div>\n\n\n\n<div class=\"wp-block-columns is-layout-flex wp-container-core-columns-is-layout-9d6595d7 wp-block-columns-is-layout-flex\">\n<div class=\"wp-block-column is-layout-flow wp-block-column-is-layout-flow\">\n<p>Despu\u00e9s de dos devastadoras guerras mundiales, despu\u00e9s de Auschwitz, despu\u00e9s de un feroz nacionalismo que sigue carcomiendo cualquier intento, no dir\u00e9 de \u201cpaz perpetua\u201d, sino simplemente de \u201cpaz fungible\u201d; y, sobre todo, ante el creciente n\u00famero de seres humanos que, en la era de la globalizaci\u00f3n y el espectacular avance de los recursos tecnol\u00f3gicos, siguen adoleciendo de los<\/p>\n\n\n\n<div class=\"wp-block-buttons is-layout-flex wp-block-buttons-is-layout-flex\">\n<div class=\"wp-block-button\"><a class=\"wp-block-button__link\" href=\"http:\/\/oriodemiguel.com\/wp-content\/uploads\/2021\/04\/Inventores-de-la-paz-son\u0303adores-de-Europa.pdf\">leer m\u00e1s<\/a><\/div>\n<\/div>\n<\/div>\n\n\n\n<div class=\"wp-block-column is-layout-flow wp-block-column-is-layout-flow\">\n<p>El libro es una excelente s\u00edntesis del entorno kabbal\u00edstico y filosemita que rode\u00f3 la vida de Leibniz, sobre todo del \u00faltimo Leibniz. La autora conoce de primera mano la tradici\u00f3n jud\u00eda, que ya ha estudiado en textos anteriores, y ha redactado aqu\u00ed un peque\u00f1o libro muy bien informado, que contiene, tanto en el cuerpo del texto como en la bibliograf\u00eda final, las fuentes principales para el <\/p>\n\n\n\n<div class=\"wp-block-buttons is-layout-flex wp-block-buttons-is-layout-flex\">\n<div class=\"wp-block-button\"><a class=\"wp-block-button__link\" href=\"http:\/\/oriodemiguel.com\/wp-content\/uploads\/2021\/04\/polemica.pdf\">leer m\u00e1s<\/a><\/div>\n<\/div>\n<\/div>\n<\/div>\n\n\n\n<div class=\"wp-block-columns is-layout-flex wp-container-core-columns-is-layout-9d6595d7 wp-block-columns-is-layout-flex\">\n<div class=\"wp-block-column is-layout-flow wp-block-column-is-layout-flow\">\n<div class=\"wp-block-media-text alignwide is-stacked-on-mobile is-vertically-aligned-top\"><figure class=\"wp-block-media-text__media\"><img loading=\"lazy\" decoding=\"async\" width=\"293\" height=\"406\" src=\"https:\/\/oriodemiguel.com\/wp-content\/uploads\/2021\/04\/SPINOZA.-SER-E-AGIR-1.jpeg\" alt=\"\" class=\"wp-image-792 size-full\" srcset=\"https:\/\/oriodemiguel.com\/wp-content\/uploads\/2021\/04\/SPINOZA.-SER-E-AGIR-1.jpeg 293w, https:\/\/oriodemiguel.com\/wp-content\/uploads\/2021\/04\/SPINOZA.-SER-E-AGIR-1-217x300.jpeg 217w\" sizes=\"auto, (max-width: 293px) 100vw, 293px\" \/><\/figure><div class=\"wp-block-media-text__content\">\n<h3 class=\"wp-block-heading\">Spinoza. Ser e Agir<\/h3>\n\n\n\n<h6 class=\"wp-block-heading\"><strong>Editores: Maria Lu\u00edsa Ribeiro Ferreira, Diogo Pires Aur\u00e9lio, Oliver Feron&nbsp;<\/strong><\/h6>\n\n\n\n<h6 class=\"wp-block-heading\">Centro de Filosofia da Universidade de Lisboa<br>Lisboa, 2011, 271 p.<\/h6>\n<\/div><\/div>\n\n\n\n<p>Este volumen recoge las comunicaciones presentadas a la conferencia celebrada en la ciudad de \u00c9vora los d\u00edas 28-30 de octubre de 2010, organizada por la universidad de esta ciudad, las de Lisboa y la colaboraci\u00f3n del Seminario Spinoza de Espa\u00f1a.&nbsp;<\/p>\n\n\n\n<div class=\"wp-block-buttons is-layout-flex wp-block-buttons-is-layout-flex\">\n<div class=\"wp-block-button\"><a class=\"wp-block-button__link\" href=\"http:\/\/oriodemiguel.com\/wp-content\/uploads\/2021\/04\/spinoza.pdf\">LEER M\u00c1S<\/a><\/div>\n<\/div>\n<\/div>\n\n\n\n<div class=\"wp-block-column is-layout-flow wp-block-column-is-layout-flow\">\n<div class=\"wp-block-media-text alignwide is-stacked-on-mobile is-vertically-aligned-top\" style=\"grid-template-columns:42% auto\"><figure class=\"wp-block-media-text__media\"><img loading=\"lazy\" decoding=\"async\" width=\"315\" height=\"499\" src=\"http:\/\/oriodemiguel.com\/wp-content\/uploads\/2021\/04\/DAGRON-Tristan-Toland-et-Leibniz.-Linvention-du-neo-spinozisme-1.jpeg\" alt=\"\" class=\"wp-image-812 size-full\" srcset=\"https:\/\/oriodemiguel.com\/wp-content\/uploads\/2021\/04\/DAGRON-Tristan-Toland-et-Leibniz.-Linvention-du-neo-spinozisme-1.jpeg 315w, https:\/\/oriodemiguel.com\/wp-content\/uploads\/2021\/04\/DAGRON-Tristan-Toland-et-Leibniz.-Linvention-du-neo-spinozisme-1-189x300.jpeg 189w\" sizes=\"auto, (max-width: 315px) 100vw, 315px\" \/><\/figure><div class=\"wp-block-media-text__content\">\n<h3 class=\"wp-block-heading\">Toland et Leibniz. L&#8217;invention du neo-spinozisme<\/h3>\n\n\n\n<h6 class=\"wp-block-heading\">Tristan Dagron<\/h6>\n\n\n\n<h6 class=\"wp-block-heading\">Vrin, Par\u00eds, 2009, 430 pags.<\/h6>\n<\/div><\/div>\n\n\n\n<p>En&nbsp;<em>Radical Enlightenment: Philosophy and Making of Modernitty (1650-1750),&nbsp;<\/em>apasionante y controvertida primera entrega de lo que ser\u00e1 su monumental trilog\u00eda, Jonathan Israel entroniza el Spinozismo como referencia simb\u00f3lica de la nueva perspectiva te\u00f3rica y filos\u00f3fica abierta a una modernidad <\/p>\n\n\n\n<div class=\"wp-block-buttons is-layout-flex wp-block-buttons-is-layout-flex\">\n<div class=\"wp-block-button\"><a class=\"wp-block-button__link\" href=\"http:\/\/oriodemiguel.com\/wp-content\/uploads\/2021\/04\/dagron.pdf\">leer m\u00e1s<\/a><\/div>\n<\/div>\n<\/div>\n<\/div>\n\n\n\n<div class=\"wp-block-columns is-layout-flex wp-container-core-columns-is-layout-9d6595d7 wp-block-columns-is-layout-flex\">\n<div class=\"wp-block-column is-layout-flow wp-block-column-is-layout-flow\">\n<div class=\"wp-block-media-text alignwide is-stacked-on-mobile is-vertically-aligned-top\" style=\"grid-template-columns:47% auto\"><figure class=\"wp-block-media-text__media\"><img loading=\"lazy\" decoding=\"async\" width=\"716\" height=\"1024\" src=\"http:\/\/oriodemiguel.com\/wp-content\/uploads\/2021\/04\/SERVET-SPINOZA-Y-SENDER.-Miradas-de-eternidad.-716x1024.jpeg\" alt=\"SERVET, SPINOZA Y SENDER. Miradas de eternidad.\" class=\"wp-image-180 size-full\" srcset=\"https:\/\/oriodemiguel.com\/wp-content\/uploads\/2021\/04\/SERVET-SPINOZA-Y-SENDER.-Miradas-de-eternidad.-716x1024.jpeg 716w, https:\/\/oriodemiguel.com\/wp-content\/uploads\/2021\/04\/SERVET-SPINOZA-Y-SENDER.-Miradas-de-eternidad.-210x300.jpeg 210w, https:\/\/oriodemiguel.com\/wp-content\/uploads\/2021\/04\/SERVET-SPINOZA-Y-SENDER.-Miradas-de-eternidad.-768x1099.jpeg 768w, https:\/\/oriodemiguel.com\/wp-content\/uploads\/2021\/04\/SERVET-SPINOZA-Y-SENDER.-Miradas-de-eternidad..jpeg 985w\" sizes=\"auto, (max-width: 716px) 100vw, 716px\" \/><\/figure><div class=\"wp-block-media-text__content\">\n<h3 class=\"wp-block-heading\">Servet, Spinoza y Sender. Miradas de eternidad. <\/h3>\n\n\n\n<h6 class=\"wp-block-heading\">Francisco Carrasquer.<\/h6>\n\n\n\n<h6 class=\"wp-block-heading\">Prensas Universitarias de Zaragoza Zaragoza 2007, 97 pags.<\/h6>\n<\/div><\/div>\n\n\n\n<p>Tras largos a\u00f1os de dar informaci\u00f3n sobre libros sesudos, eruditos y acad\u00e9micos en torno a la obra inmortal y siempre nueva de Spinoza, produce en el \u00e1nimo una fresca sensaci\u00f3n de alegr\u00eda spinoziana el peque\u00f1o ensayo \u2014\u201cpl\u00e1tica\u201d, lo llama su autor (p. 29)\u2014 del veterano luchador que es Francisco<\/p>\n\n\n\n<div class=\"wp-block-buttons is-layout-flex wp-block-buttons-is-layout-flex\">\n<div class=\"wp-block-button\"><a class=\"wp-block-button__link\" href=\"http:\/\/oriodemiguel.com\/wp-content\/uploads\/2021\/04\/carrasquer.pdf\">LEER M\u00c1S<\/a><\/div>\n<\/div>\n<\/div>\n\n\n\n<div class=\"wp-block-column is-layout-flow wp-block-column-is-layout-flow\">\n<div class=\"wp-block-media-text alignwide is-stacked-on-mobile is-vertically-aligned-top\" style=\"grid-template-columns:45% auto\"><figure class=\"wp-block-media-text__media\"><img loading=\"lazy\" decoding=\"async\" width=\"160\" height=\"231\" src=\"http:\/\/oriodemiguel.com\/wp-content\/uploads\/2007\/05\/Correspondencia-1.jpeg\" alt=\"Portada del libro\" class=\"wp-image-185 size-full\"\/><\/figure><div class=\"wp-block-media-text__content\">\n<h4 class=\"wp-block-heading\">Obras filos\u00f3ficas y cient\u00edficas. Vol. 14. Correspondencia I. G.W. Leibniz<\/h4>\n\n\n\n<h6 class=\"wp-block-heading\">Editores: Juan Antonio Nicol\u00e1s y Mar\u00eda Ram\u00f3n Cubells <\/h6>\n\n\n\n<h6 class=\"wp-block-heading\">Editorial Comares, Granada, 2007, I-XXXVIII + 477 pags.<\/h6>\n<\/div><\/div>\n\n\n\n<p>Podr\u00eda ser \u00e9ste, si los hados son propicios, un acontecimiento memorable en la historiograf\u00eda filos\u00f3fica en lengua castellana. Acaba de aparecer, como esperanzadora primicia, el volumen 14 de una serie de 19, que recoger\u00e1n la traducci\u00f3n de los escritos filos\u00f3ficos y cient\u00edficos m\u00e1s importantes de Leibniz (1646-1716). Un amplio equipo de fil\u00f3sofos, matem\u00e1ticos, cient\u00edficos, traductores y <\/p>\n\n\n\n<div class=\"wp-block-buttons is-layout-flex wp-block-buttons-is-layout-flex\">\n<div class=\"wp-block-button\"><a class=\"wp-block-button__link\" href=\"http:\/\/oriodemiguel.com\/wp-content\/uploads\/2021\/04\/G1.pdf\">LEER M\u00c1S<\/a><\/div>\n<\/div>\n<\/div>\n<\/div>\n\n\n\n<div class=\"wp-block-columns is-layout-flex wp-container-core-columns-is-layout-9d6595d7 wp-block-columns-is-layout-flex\">\n<div class=\"wp-block-column is-layout-flow wp-block-column-is-layout-flow\">\n<div class=\"wp-block-media-text alignwide is-stacked-on-mobile is-vertically-aligned-top\" style=\"grid-template-columns:42% auto\"><figure class=\"wp-block-media-text__media\"><img loading=\"lazy\" decoding=\"async\" width=\"343\" height=\"499\" src=\"http:\/\/oriodemiguel.com\/wp-content\/uploads\/2021\/04\/El-Dios-de-Maimo\u0301nides-1.jpg\" alt=\"\" class=\"wp-image-216 size-full\" srcset=\"https:\/\/oriodemiguel.com\/wp-content\/uploads\/2021\/04\/El-Dios-de-Maimo\u0301nides-1.jpg 343w, https:\/\/oriodemiguel.com\/wp-content\/uploads\/2021\/04\/El-Dios-de-Maimo\u0301nides-1-206x300.jpg 206w\" sizes=\"auto, (max-width: 343px) 100vw, 343px\" \/><\/figure><div class=\"wp-block-media-text__content\">\n<h2 class=\"wp-block-heading\">El Dios de Maim\u00f3nides.<\/h2>\n\n\n\n<h6 class=\"wp-block-heading\">Miquel Beltr\u00e1n y Guillema Fullana<\/h6>\n\n\n\n<h6 class=\"wp-block-heading\">Ed. Libros Certeza, col. Tres Culturas, Zaragoza 2005, 257 pags.<\/h6>\n<\/div><\/div>\n\n\n\n<p>Para comenzar mi comentario de este libro, me permito titular sus cap\u00edtulos, que incomprensiblemente aparecen con su simple numeraci\u00f3n. I. Dios transcendente e inmanente. II. Saadia Gaon: Presciencia&nbsp;<em>vs&nbsp;<\/em>libertad. III. El problema del mal. IV. El ser \u2018necesario-de-existencia\u2019: de Fil\u00f3n a Al-Farabi. V. El<\/p>\n\n\n\n<div class=\"wp-block-buttons is-layout-flex wp-block-buttons-is-layout-flex\">\n<div class=\"wp-block-button\"><a class=\"wp-block-button__link\" href=\"http:\/\/oriodemiguel.com\/wp-content\/uploads\/2021\/04\/el-dios-de-maimonides.pdf\">leer m\u00e1s<\/a><\/div>\n<\/div>\n<\/div>\n\n\n\n<div class=\"wp-block-column is-layout-flow wp-block-column-is-layout-flow\">\n<div class=\"wp-block-media-text alignwide is-stacked-on-mobile is-vertically-aligned-top\" style=\"grid-template-columns:41% auto\"><figure class=\"wp-block-media-text__media\"><img loading=\"lazy\" decoding=\"async\" width=\"333\" height=\"499\" src=\"http:\/\/oriodemiguel.com\/wp-content\/uploads\/2021\/04\/Spinoza\u00b4s-modernity-1.jpg\" alt=\"\" class=\"wp-image-754 size-full\" srcset=\"https:\/\/oriodemiguel.com\/wp-content\/uploads\/2021\/04\/Spinoza\u00b4s-modernity-1.jpg 333w, https:\/\/oriodemiguel.com\/wp-content\/uploads\/2021\/04\/Spinoza\u00b4s-modernity-1-200x300.jpg 200w\" sizes=\"auto, (max-width: 333px) 100vw, 333px\" \/><\/figure><div class=\"wp-block-media-text__content\">\n<h4 class=\"wp-block-heading\">Spinoza\u2019s Modernity. <em>Mendelssohn, Lessing, and Heine.<\/em><\/h4>\n\n\n\n<h6 class=\"wp-block-heading\">Willi Goetschel<\/h6>\n\n\n\n<h6 class=\"wp-block-heading\">\u201cStudies in German Jewish Cultural History and Literature\u201d. The University of Wisconsin Press, 351 pags.<\/h6>\n\n\n\n<p><\/p>\n<\/div><\/div>\n\n\n\n<p>La tesis de este libro es la solemne afirmaci\u00f3n de que \u201cel judaismo de Spinoza constituye el punto nodal central de su filosof\u00eda\u201d, la cual, a su vez, es la reivindicaci\u00f3n m\u00e1s radical del proceso te\u00f3rico y pr\u00e1ctico, i.e. metaf\u00edsico y pol\u00edtico, de autodeterminaci\u00f3n y emancipaci\u00f3n del pensamiento, que<\/p>\n\n\n\n<div class=\"wp-block-buttons is-layout-flex wp-block-buttons-is-layout-flex\">\n<div class=\"wp-block-button\"><a class=\"wp-block-button__link\" href=\"http:\/\/oriodemiguel.com\/wp-content\/uploads\/2021\/04\/goetschell.pdf\">LEER M\u00c1S<\/a><\/div>\n<\/div>\n<\/div>\n<\/div>\n\n\n\n<div class=\"wp-block-columns is-layout-flex wp-container-core-columns-is-layout-9d6595d7 wp-block-columns-is-layout-flex\">\n<div class=\"wp-block-column is-layout-flow wp-block-column-is-layout-flow\">\n<div class=\"wp-block-media-text alignwide is-stacked-on-mobile is-vertically-aligned-top\" style=\"grid-template-columns:37% auto\"><figure class=\"wp-block-media-text__media\"><img loading=\"lazy\" decoding=\"async\" width=\"400\" height=\"646\" src=\"http:\/\/oriodemiguel.com\/wp-content\/uploads\/2021\/04\/Les-significations-du-corps-dans-la-philosophie-claique.jpeg\" alt=\"Les significations du \u00ab corps \u00bb dans la philosophie classique.\" class=\"wp-image-146 size-full\" srcset=\"https:\/\/oriodemiguel.com\/wp-content\/uploads\/2021\/04\/Les-significations-du-corps-dans-la-philosophie-claique.jpeg 400w, https:\/\/oriodemiguel.com\/wp-content\/uploads\/2021\/04\/Les-significations-du-corps-dans-la-philosophie-claique-186x300.jpeg 186w\" sizes=\"auto, (max-width: 400px) 100vw, 400px\" \/><\/figure><div class=\"wp-block-media-text__content\">\n<h3 class=\"wp-block-heading\">Les significations du \u00ab corps \u00bb dans la philosophie classique.<\/h3>\n\n\n\n<h6 class=\"wp-block-heading\">Chantal Jaquet y Tam\u00e1s Pavlovits.<\/h6>\n\n\n\n<h6 class=\"wp-block-heading\">L\u2019Harmattan, Paris \u2013 Budapest \u2013 Torino, 2004, 188 pags.<\/h6>\n<\/div><\/div>\n\n\n\n<p>Este volumen recoge las actas de un coloquio organizado por el CERPHI y el grupo de investigaci\u00f3n del pensamiento cl\u00e1sico en Hungr\u00eda, celebrado en el Instituto H\u00fangaro de Par\u00eds. Que en la \u00e9poca del descubrimiento &nbsp;moderno de la racionalidad matem\u00e1tica los creadores de la nueva ciencia se preguntaran por el <\/p>\n\n\n\n<div class=\"wp-block-buttons is-layout-flex wp-block-buttons-is-layout-flex\">\n<div class=\"wp-block-button\"><a class=\"wp-block-button__link\" href=\"http:\/\/oriodemiguel.com\/wp-content\/uploads\/2021\/04\/jaquet.pdf\">LEER M\u00c1S<\/a><\/div>\n<\/div>\n<\/div>\n\n\n\n<div class=\"wp-block-column is-layout-flow wp-block-column-is-layout-flow\">\n<div class=\"wp-block-media-text alignwide is-stacked-on-mobile is-vertically-aligned-top\" style=\"grid-template-columns:39% auto\"><figure class=\"wp-block-media-text__media\"><img loading=\"lazy\" decoding=\"async\" width=\"229\" height=\"329\" src=\"http:\/\/oriodemiguel.com\/wp-content\/uploads\/2021\/04\/La-idealidad-del-espacio.jpeg\" alt=\"Portada del libro\" class=\"wp-image-144 size-full\" srcset=\"https:\/\/oriodemiguel.com\/wp-content\/uploads\/2021\/04\/La-idealidad-del-espacio.jpeg 229w, https:\/\/oriodemiguel.com\/wp-content\/uploads\/2021\/04\/La-idealidad-del-espacio-209x300.jpeg 209w\" sizes=\"auto, (max-width: 229px) 100vw, 229px\" \/><\/figure><div class=\"wp-block-media-text__content\">\n<h4 class=\"wp-block-heading\">La idealidad del espacio. La filosof\u00eda transcendental y el desarrollo de la geometr\u00eda.<\/h4>\n\n\n\n<h6 class=\"wp-block-heading\">Ricardo Parelada.<\/h6>\n\n\n\n<h6 class=\"wp-block-heading\">Col. \u201cLeibnitius Politechnicus\u201d, no 8.<br>Universidad Polit\u00e9cnica de Valencia, 2003, 204 pags.<\/h6>\n<\/div><\/div>\n\n\n\n<p>Es \u00e9ste un estudio breve, sobrio, asc\u00e9tico, exigente. Dentro del inmenso continente que abarca el pensamiento kantiano, este libro quiere referirse s\u00f3lo a una regi\u00f3n, la idealidad transcendental del espacio (partes 2a y 3a), pero con la ambici\u00f3n de colocar a Kant con un pie en la analiticidad de la geometr\u00eda de<\/p>\n\n\n\n<div class=\"wp-block-buttons is-layout-flex wp-block-buttons-is-layout-flex\">\n<div class=\"wp-block-button\"><a class=\"wp-block-button__link\" href=\"http:\/\/oriodemiguel.com\/wp-content\/uploads\/2021\/04\/parellada.pdf\">LEER M\u00c1S<\/a><\/div>\n<\/div>\n<\/div>\n<\/div>\n\n\n\n<div class=\"wp-block-columns is-layout-flex wp-container-core-columns-is-layout-9d6595d7 wp-block-columns-is-layout-flex\">\n<div class=\"wp-block-column is-layout-flow wp-block-column-is-layout-flow\">\n<div class=\"wp-block-media-text alignwide is-stacked-on-mobile is-vertically-aligned-top\" style=\"grid-template-columns:43% auto\"><figure class=\"wp-block-media-text__media\"><img loading=\"lazy\" decoding=\"async\" width=\"327\" height=\"500\" src=\"http:\/\/oriodemiguel.com\/wp-content\/uploads\/2021\/04\/Spinozas-Theologico-political-Treatise-Exploring-\u2018The-Will-of-God.jpeg\" alt=\"Spinoza\u2019s Theologico-political Treatise Exploring \u2018The Will of God\u2019\" class=\"wp-image-129 size-full\" srcset=\"https:\/\/oriodemiguel.com\/wp-content\/uploads\/2021\/04\/Spinozas-Theologico-political-Treatise-Exploring-\u2018The-Will-of-God.jpeg 327w, https:\/\/oriodemiguel.com\/wp-content\/uploads\/2021\/04\/Spinozas-Theologico-political-Treatise-Exploring-\u2018The-Will-of-God-196x300.jpeg 196w\" sizes=\"auto, (max-width: 327px) 100vw, 327px\" \/><\/figure><div class=\"wp-block-media-text__content\">\n<h4 class=\"wp-block-heading\">Spinoza\u2019s Theologico-political Treatise Exploring \u2018The Will of God\u2019.<\/h4>\n\n\n\n<h6 class=\"wp-block-heading\">Teo Verbeek.<\/h6>\n\n\n\n<h6 class=\"wp-block-heading\">Ash gate Publishing Limited Aldershot, England 2002, 204 pages.<\/h6>\n<\/div><\/div>\n\n\n\n<p>Cualquier lector del TTP \u2014comienza el autor su larga y excitante Introducci\u00f3n\u2013 se ve enredado en enormes dificultades de comprensi\u00f3n, no como las que encontrar\u00eda en la&nbsp;<em>Cr\u00edtica de la Raz\u00f3n Pura&nbsp;<\/em>o en la&nbsp;<em>Fenomenolog\u00eda del esp\u00edritu<\/em>. Aqu\u00ed no hay un vocabulario t\u00e9cnicamente complicado ni razonamientos<\/p>\n\n\n\n<div class=\"wp-block-buttons is-layout-flex wp-block-buttons-is-layout-flex\">\n<div class=\"wp-block-button\"><a class=\"wp-block-button__link\" href=\"http:\/\/oriodemiguel.com\/wp-content\/uploads\/2021\/04\/verbeek.pdf\">LEER M\u00c1S<\/a><\/div>\n<\/div>\n<\/div>\n\n\n\n<div class=\"wp-block-column is-layout-flow wp-block-column-is-layout-flow\">\n<div class=\"wp-block-media-text alignwide is-stacked-on-mobile is-vertically-aligned-top\" style=\"grid-template-columns:41% auto\"><figure class=\"wp-block-media-text__media\"><img loading=\"lazy\" decoding=\"async\" width=\"347\" height=\"520\" src=\"http:\/\/oriodemiguel.com\/wp-content\/uploads\/2021\/04\/Des-vues-de-spinoza.jpeg\" alt=\"Des vues de Spinoza\" class=\"wp-image-107 size-full\" srcset=\"https:\/\/oriodemiguel.com\/wp-content\/uploads\/2021\/04\/Des-vues-de-spinoza.jpeg 347w, https:\/\/oriodemiguel.com\/wp-content\/uploads\/2021\/04\/Des-vues-de-spinoza-200x300.jpeg 200w\" sizes=\"auto, (max-width: 347px) 100vw, 347px\" \/><\/figure><div class=\"wp-block-media-text__content\">\n<h4 class=\"wp-block-heading\">Des vues de Spinoza.<br><em>Arguments et figures de la \u201cphilosophie vraie<\/em>\u201d<\/h4>\n\n\n\n<h6 class=\"wp-block-heading\">Jean-Pierre Juillet.<\/h6>\n\n\n\n<h6 class=\"wp-block-heading\">Travaux et Documents du Groupe de Recherches spinozistes.<\/h6>\n\n\n\n<h6 class=\"wp-block-heading\">Presses de l\u2019Universit\u00e9 de Paris-Sorbonne Paris 2001, 457 pags.<\/h6>\n\n\n\n<p><\/p>\n<\/div><\/div>\n\n\n\n<p>El objetivo de este voluminoso y agotador trabajo \u2014agotador para el lector, supongo que tambi\u00e9n lo ha sido valerosamente para su autor\u2014 es, a pesar de ello, de un extraordinario inter\u00e9s. Consiste en investigar las relaciones necesarias entre la marcha de los t\u00f3picos te\u00f3rico-deductivos del sistema <\/p>\n\n\n\n<div class=\"wp-block-buttons is-layout-flex wp-block-buttons-is-layout-flex\">\n<div class=\"wp-block-button\"><a class=\"wp-block-button__link\" href=\"http:\/\/oriodemiguel.com\/wp-content\/uploads\/2021\/04\/juillet.pdf\">leer m\u00e1s<\/a><\/div>\n<\/div>\n<\/div>\n<\/div>\n\n\n\n<div class=\"wp-block-columns is-layout-flex wp-container-core-columns-is-layout-9d6595d7 wp-block-columns-is-layout-flex\">\n<div class=\"wp-block-column is-layout-flow wp-block-column-is-layout-flow\">\n<div class=\"wp-block-media-text alignwide is-stacked-on-mobile is-vertically-aligned-top\"><figure class=\"wp-block-media-text__media\"><img loading=\"lazy\" decoding=\"async\" width=\"315\" height=\"499\" src=\"http:\/\/oriodemiguel.com\/wp-content\/uploads\/2021\/04\/THE-ART-OF-CONTROVERSIES.jpg\" alt=\"Portada libro\" class=\"wp-image-122 size-full\" srcset=\"https:\/\/oriodemiguel.com\/wp-content\/uploads\/2021\/04\/THE-ART-OF-CONTROVERSIES.jpg 315w, https:\/\/oriodemiguel.com\/wp-content\/uploads\/2021\/04\/THE-ART-OF-CONTROVERSIES-189x300.jpg 189w\" sizes=\"auto, (max-width: 315px) 100vw, 315px\" \/><\/figure><div class=\"wp-block-media-text__content\">\n<h3 class=\"wp-block-heading\">G.W. Leibniz. The art of controversies<\/h3>\n\n\n\n<h6 class=\"wp-block-heading\">Marcelo DASCAL (ed) y la colaboraci\u00f3n de RACIONERO, Q y CARDOSO, A.<\/h6>\n\n\n\n<h6 class=\"wp-block-heading\"><em>The New Synthese Historical Library<\/em>, vol. 60, LXXII + 520 pags.&nbsp;<em>Springer<\/em>, Berlin, Heidelberg, New York, 2006.<\/h6>\n\n\n\n<p><\/p>\n<\/div><\/div>\n\n\n\n<p>Tres siglos despu\u00e9s de la muerte de Leibniz (1646-1716) y equipados ya con una abrumadora masa historiogr\u00e1fica de ediciones, estudios, comentarios e interpretaciones de su obra, ha resultado, al fin, que este libro era necesario. Como es bien sabido, Leibniz sent\u00f3 los primeros cimientos de la l\u00f3gica moderna, fue un intuitivo y a la vez riguroso<\/p>\n\n\n\n<div class=\"wp-block-buttons is-layout-flex wp-block-buttons-is-layout-flex\">\n<div class=\"wp-block-button\"><a class=\"wp-block-button__link\" href=\"http:\/\/oriodemiguel.com\/wp-content\/uploads\/2021\/04\/theartofcontroversies.pdf\">LEER M\u00c1S<\/a><\/div>\n<\/div>\n<\/div>\n\n\n\n<div class=\"wp-block-column is-layout-flow wp-block-column-is-layout-flow\"><\/div>\n<\/div>\n","protected":false},"excerpt":{"rendered":"<p>Inventores de la paz, so\u00f1adores de Europa. Siglo de la Ilustraci\u00f3n Francisco Javier Espinosa Ant\u00f3n Ed. Biblioteca Nueva, Madrid, 2012, 245 pp. La pol\u00e9mica sobre la Kabbalah y Spinoza: Moses Germanus y Leibniz. Lourdes Rensoli Editorial Comares, Colecci\u00f3n&nbsp;Nova Leibniz, n. 2, Granada, 2012 Despu\u00e9s de dos devastadoras guerras mundiales, despu\u00e9s de Auschwitz, despu\u00e9s de un [&hellip;]<\/p>\n","protected":false},"author":1,"featured_media":0,"parent":14,"menu_order":0,"comment_status":"closed","ping_status":"closed","template":"","meta":{"footnotes":""},"class_list":["post-753","page","type-page","status-publish","hentry"],"_links":{"self":[{"href":"https:\/\/oriodemiguel.com\/index.php?rest_route=\/wp\/v2\/pages\/753","targetHints":{"allow":["GET"]}}],"collection":[{"href":"https:\/\/oriodemiguel.com\/index.php?rest_route=\/wp\/v2\/pages"}],"about":[{"href":"https:\/\/oriodemiguel.com\/index.php?rest_route=\/wp\/v2\/types\/page"}],"author":[{"embeddable":true,"href":"https:\/\/oriodemiguel.com\/index.php?rest_route=\/wp\/v2\/users\/1"}],"replies":[{"embeddable":true,"href":"https:\/\/oriodemiguel.com\/index.php?rest_route=%2Fwp%2Fv2%2Fcomments&post=753"}],"version-history":[{"count":107,"href":"https:\/\/oriodemiguel.com\/index.php?rest_route=\/wp\/v2\/pages\/753\/revisions"}],"predecessor-version":[{"id":925,"href":"https:\/\/oriodemiguel.com\/index.php?rest_route=\/wp\/v2\/pages\/753\/revisions\/925"}],"up":[{"embeddable":true,"href":"https:\/\/oriodemiguel.com\/index.php?rest_route=\/wp\/v2\/pages\/14"}],"wp:attachment":[{"href":"https:\/\/oriodemiguel.com\/index.php?rest_route=%2Fwp%2Fv2%2Fmedia&parent=753"}],"curies":[{"name":"wp","href":"https:\/\/api.w.org\/{rel}","templated":true}]}}